{"id":23,"date":"2023-12-21T21:20:05","date_gmt":"2023-12-21T21:20:05","guid":{"rendered":"https:\/\/sveabevakningstjanst.se\/?page_id=23"},"modified":"2024-03-03T16:27:51","modified_gmt":"2024-03-03T16:27:51","slug":"larm","status":"publish","type":"page","link":"https:\/\/sveabevakningstjanst.se\/?page_id=23","title":{"rendered":"Larm"},"content":{"rendered":"\n<div class=\"wp-block-columns alignwide is-layout-flex wp-container-core-columns-is-layout-28f84493 wp-block-columns-is-layout-flex\">\n<div class=\"wp-block-column is-layout-flow wp-block-column-is-layout-flow\">\n<figure class=\"wp-block-image size-large\"><img loading=\"lazy\" decoding=\"async\" width=\"1024\" height=\"664\" src=\"https:\/\/sveabevakningstjanst.se\/wp-content\/uploads\/2023\/12\/IMG_4725-e1703193010668-1024x664.jpeg\" alt=\"Ordningsvakter som poserar tillsammans\" class=\"wp-image-11\" srcset=\"https:\/\/sveabevakningstjanst.se\/wp-content\/uploads\/2023\/12\/IMG_4725-e1703193010668-1024x664.jpeg 1024w, https:\/\/sveabevakningstjanst.se\/wp-content\/uploads\/2023\/12\/IMG_4725-e1703193010668-300x194.jpeg 300w, https:\/\/sveabevakningstjanst.se\/wp-content\/uploads\/2023\/12\/IMG_4725-e1703193010668-768x498.jpeg 768w, https:\/\/sveabevakningstjanst.se\/wp-content\/uploads\/2023\/12\/IMG_4725-e1703193010668-1536x996.jpeg 1536w, https:\/\/sveabevakningstjanst.se\/wp-content\/uploads\/2023\/12\/IMG_4725-e1703193010668.jpeg 1785w\" sizes=\"auto, (max-width: 1024px) 100vw, 1024px\" \/><\/figure>\n\n\n\n<figure class=\"wp-block-image size-full\"><img loading=\"lazy\" decoding=\"async\" width=\"1000\" height=\"144\" src=\"https:\/\/sveabevakningstjanst.se\/wp-content\/uploads\/2024\/03\/Teletec_Logo_Liggande_RGB.png\" alt=\"\" class=\"wp-image-65\" srcset=\"https:\/\/sveabevakningstjanst.se\/wp-content\/uploads\/2024\/03\/Teletec_Logo_Liggande_RGB.png 1000w, https:\/\/sveabevakningstjanst.se\/wp-content\/uploads\/2024\/03\/Teletec_Logo_Liggande_RGB-300x43.png 300w, https:\/\/sveabevakningstjanst.se\/wp-content\/uploads\/2024\/03\/Teletec_Logo_Liggande_RGB-768x111.png 768w\" sizes=\"auto, (max-width: 1000px) 100vw, 1000px\" \/><\/figure>\n<\/div>\n\n\n\n<div class=\"wp-block-column is-layout-flow wp-block-column-is-layout-flow\">\n<h2 class=\"wp-block-heading\">Trygghet och kvalitet \u00e4r viktigt f\u00f6r oss.<\/h2>\n\n\n\n<p>D\u00e4rf\u00f6r \u00e4r vi \u00e5terf\u00f6rs\u00e4ljare till Teletec en av nordens st\u00f6rsta Larmutrustnings grossister.<\/p>\n\n\n\n<p>Detta betyder att vi kan leverera larm av h\u00f6gsta klass, b\u00e5de till den lilla bostaden som den st\u00f6rre lokalen. Larmet installeras av v\u00e5ran larmtekniker.<\/p>\n\n\n\n<p>Vi har ett samarbetsavtal med Westra Security som \u00e4r v\u00e5ran larmcentral som vi kopplar upp larmet till.<\/p>\n\n\n\n<figure class=\"wp-block-image size-full\"><img loading=\"lazy\" decoding=\"async\" width=\"597\" height=\"324\" src=\"https:\/\/sveabevakningstjanst.se\/wp-content\/uploads\/2024\/03\/IMG_6221-removebg-preview.png\" alt=\"\" class=\"wp-image-68\" srcset=\"https:\/\/sveabevakningstjanst.se\/wp-content\/uploads\/2024\/03\/IMG_6221-removebg-preview.png 597w, https:\/\/sveabevakningstjanst.se\/wp-content\/uploads\/2024\/03\/IMG_6221-removebg-preview-300x163.png 300w\" sizes=\"auto, (max-width: 597px) 100vw, 597px\" \/><\/figure>\n<\/div>\n<\/div>\n\n\n\n<p><\/p>\n","protected":false},"excerpt":{"rendered":"<p>Trygghet och kvalitet \u00e4r viktigt f\u00f6r oss. D\u00e4rf\u00f6r \u00e4r vi \u00e5terf\u00f6rs\u00e4ljare till Teletec en av nordens st\u00f6rsta Larmutrustnings grossister. Detta betyder att vi kan leverera larm av h\u00f6gsta klass, b\u00e5de till den lilla bostaden som den st\u00f6rre lokalen. Larmet installeras av v\u00e5ran larmtekniker. Vi har ett samarbetsavtal med Westra Security som \u00e4r v\u00e5ran larmcentral som [&hellip;]<\/p>\n","protected":false},"author":1,"featured_media":0,"parent":0,"menu_order":0,"comment_status":"closed","ping_status":"closed","template":"","meta":{"footnotes":""},"class_list":["post-23","page","type-page","status-publish","hentry"],"yoast_head":"<!-- This site is optimized with the Yoast SEO plugin v27.4 - https:\/\/yoast.com\/product\/yoast-seo-wordpress\/ -->\n<title>Larm - F\u00f6r din s\u00e4kerhet<\/title>\n<meta name=\"description\" content=\"Trygghet och kvalitet \u00e4r viktigt f\u00f6r oss.D\u00e4rf\u00f6r \u00e4r vi \u00e5terf\u00f6rs\u00e4ljare till Teletec en av nordens st\u00f6rsta Larmutrustnings grossister.\" \/>\n<meta name=\"robots\" content=\"index, follow, max-snippet:-1, max-image-preview:large, max-video-preview:-1\" \/>\n<link rel=\"canonical\" href=\"https:\/\/sveabevakningstjanst.se\/?page_id=23\" \/>\n<meta property=\"og:locale\" content=\"sv_SE\" \/>\n<meta property=\"og:type\" content=\"article\" \/>\n<meta property=\"og:title\" content=\"F\u00f6r din s\u00e4kerhet\" \/>\n<meta property=\"og:description\" content=\"Trygghet och kvalitet \u00e4r viktigt f\u00f6r oss.D\u00e4rf\u00f6r \u00e4r vi \u00e5terf\u00f6rs\u00e4ljare till Teletec en av nordens st\u00f6rsta Larmutrustnings grossister.\" \/>\n<meta property=\"og:url\" content=\"https:\/\/sveabevakningstjanst.se\/?page_id=23\" \/>\n<meta property=\"og:site_name\" content=\"F\u00f6r din s\u00e4kerhet\" \/>\n<meta property=\"article:modified_time\" content=\"2024-03-03T16:27:51+00:00\" \/>\n<meta property=\"og:image\" content=\"https:\/\/sveabevakningstjanst.se\/wp-content\/uploads\/2023\/12\/IMG_4725-e1703193010668-1024x664.jpeg\" \/>\n<meta name=\"twitter:card\" content=\"summary_large_image\" \/>\n<meta name=\"twitter:label1\" content=\"Ber\u00e4knad l\u00e4stid\" \/>\n\t<meta name=\"twitter:data1\" content=\"1 minut\" \/>\n<script type=\"application\/ld+json\" class=\"yoast-schema-graph\">{\"@context\":\"https:\\\/\\\/schema.org\",\"@graph\":[{\"@type\":\"WebPage\",\"@id\":\"https:\\\/\\\/sveabevakningstjanst.se\\\/?page_id=23\",\"url\":\"https:\\\/\\\/sveabevakningstjanst.se\\\/?page_id=23\",\"name\":\"Larm - F\u00f6r din s\u00e4kerhet\",\"isPartOf\":{\"@id\":\"https:\\\/\\\/sveabevakningstjanst.se\\\/#website\"},\"primaryImageOfPage\":{\"@id\":\"https:\\\/\\\/sveabevakningstjanst.se\\\/?page_id=23#primaryimage\"},\"image\":{\"@id\":\"https:\\\/\\\/sveabevakningstjanst.se\\\/?page_id=23#primaryimage\"},\"thumbnailUrl\":\"https:\\\/\\\/sveabevakningstjanst.se\\\/wp-content\\\/uploads\\\/2023\\\/12\\\/IMG_4725-e1703193010668-1024x664.jpeg\",\"datePublished\":\"2023-12-21T21:20:05+00:00\",\"dateModified\":\"2024-03-03T16:27:51+00:00\",\"description\":\"Trygghet och kvalitet \u00e4r viktigt f\u00f6r oss.D\u00e4rf\u00f6r \u00e4r vi \u00e5terf\u00f6rs\u00e4ljare till Teletec en av nordens st\u00f6rsta Larmutrustnings grossister.\",\"breadcrumb\":{\"@id\":\"https:\\\/\\\/sveabevakningstjanst.se\\\/?page_id=23#breadcrumb\"},\"inLanguage\":\"sv-SE\",\"potentialAction\":[{\"@type\":\"ReadAction\",\"target\":[\"https:\\\/\\\/sveabevakningstjanst.se\\\/?page_id=23\"]}]},{\"@type\":\"ImageObject\",\"inLanguage\":\"sv-SE\",\"@id\":\"https:\\\/\\\/sveabevakningstjanst.se\\\/?page_id=23#primaryimage\",\"url\":\"https:\\\/\\\/sveabevakningstjanst.se\\\/wp-content\\\/uploads\\\/2023\\\/12\\\/IMG_4725-e1703193010668.jpeg\",\"contentUrl\":\"https:\\\/\\\/sveabevakningstjanst.se\\\/wp-content\\\/uploads\\\/2023\\\/12\\\/IMG_4725-e1703193010668.jpeg\",\"width\":1785,\"height\":1157},{\"@type\":\"BreadcrumbList\",\"@id\":\"https:\\\/\\\/sveabevakningstjanst.se\\\/?page_id=23#breadcrumb\",\"itemListElement\":[{\"@type\":\"ListItem\",\"position\":1,\"name\":\"Hem\",\"item\":\"https:\\\/\\\/sveabevakningstjanst.se\\\/\"},{\"@type\":\"ListItem\",\"position\":2,\"name\":\"Larm\"}]},{\"@type\":\"WebSite\",\"@id\":\"https:\\\/\\\/sveabevakningstjanst.se\\\/#website\",\"url\":\"https:\\\/\\\/sveabevakningstjanst.se\\\/\",\"name\":\"F\u00f6r din s\u00e4kerhet\",\"description\":\"\",\"publisher\":{\"@id\":\"https:\\\/\\\/sveabevakningstjanst.se\\\/#organization\"},\"potentialAction\":[{\"@type\":\"SearchAction\",\"target\":{\"@type\":\"EntryPoint\",\"urlTemplate\":\"https:\\\/\\\/sveabevakningstjanst.se\\\/?s={search_term_string}\"},\"query-input\":{\"@type\":\"PropertyValueSpecification\",\"valueRequired\":true,\"valueName\":\"search_term_string\"}}],\"inLanguage\":\"sv-SE\"},{\"@type\":\"Organization\",\"@id\":\"https:\\\/\\\/sveabevakningstjanst.se\\\/#organization\",\"name\":\"Sveabavakningstj\u00e4nst AB\",\"url\":\"https:\\\/\\\/sveabevakningstjanst.se\\\/\",\"logo\":{\"@type\":\"ImageObject\",\"inLanguage\":\"sv-SE\",\"@id\":\"https:\\\/\\\/sveabevakningstjanst.se\\\/#\\\/schema\\\/logo\\\/image\\\/\",\"url\":\"https:\\\/\\\/sveabevakningstjanst.se\\\/wp-content\\\/uploads\\\/2023\\\/12\\\/368603990_662369672413376_4406712747767754792_n-e1703192782472.png\",\"contentUrl\":\"https:\\\/\\\/sveabevakningstjanst.se\\\/wp-content\\\/uploads\\\/2023\\\/12\\\/368603990_662369672413376_4406712747767754792_n-e1703192782472.png\",\"width\":841,\"height\":338,\"caption\":\"Sveabavakningstj\u00e4nst AB\"},\"image\":{\"@id\":\"https:\\\/\\\/sveabevakningstjanst.se\\\/#\\\/schema\\\/logo\\\/image\\\/\"}}]}<\/script>\n<!-- \/ Yoast SEO plugin. -->","yoast_head_json":{"title":"Larm - F\u00f6r din s\u00e4kerhet","description":"Trygghet och kvalitet \u00e4r viktigt f\u00f6r oss.D\u00e4rf\u00f6r \u00e4r vi \u00e5terf\u00f6rs\u00e4ljare till Teletec en av nordens st\u00f6rsta Larmutrustnings grossister.","robots":{"index":"index","follow":"follow","max-snippet":"max-snippet:-1","max-image-preview":"max-image-preview:large","max-video-preview":"max-video-preview:-1"},"canonical":"https:\/\/sveabevakningstjanst.se\/?page_id=23","og_locale":"sv_SE","og_type":"article","og_title":"F\u00f6r din s\u00e4kerhet","og_description":"Trygghet och kvalitet \u00e4r viktigt f\u00f6r oss.D\u00e4rf\u00f6r \u00e4r vi \u00e5terf\u00f6rs\u00e4ljare till Teletec en av nordens st\u00f6rsta Larmutrustnings grossister.","og_url":"https:\/\/sveabevakningstjanst.se\/?page_id=23","og_site_name":"F\u00f6r din s\u00e4kerhet","article_modified_time":"2024-03-03T16:27:51+00:00","og_image":[{"url":"https:\/\/sveabevakningstjanst.se\/wp-content\/uploads\/2023\/12\/IMG_4725-e1703193010668-1024x664.jpeg","type":"","width":"","height":""}],"twitter_card":"summary_large_image","twitter_misc":{"Ber\u00e4knad l\u00e4stid":"1 minut"},"schema":{"@context":"https:\/\/schema.org","@graph":[{"@type":"WebPage","@id":"https:\/\/sveabevakningstjanst.se\/?page_id=23","url":"https:\/\/sveabevakningstjanst.se\/?page_id=23","name":"Larm - F\u00f6r din s\u00e4kerhet","isPartOf":{"@id":"https:\/\/sveabevakningstjanst.se\/#website"},"primaryImageOfPage":{"@id":"https:\/\/sveabevakningstjanst.se\/?page_id=23#primaryimage"},"image":{"@id":"https:\/\/sveabevakningstjanst.se\/?page_id=23#primaryimage"},"thumbnailUrl":"https:\/\/sveabevakningstjanst.se\/wp-content\/uploads\/2023\/12\/IMG_4725-e1703193010668-1024x664.jpeg","datePublished":"2023-12-21T21:20:05+00:00","dateModified":"2024-03-03T16:27:51+00:00","description":"Trygghet och kvalitet \u00e4r viktigt f\u00f6r oss.D\u00e4rf\u00f6r \u00e4r vi \u00e5terf\u00f6rs\u00e4ljare till Teletec en av nordens st\u00f6rsta Larmutrustnings grossister.","breadcrumb":{"@id":"https:\/\/sveabevakningstjanst.se\/?page_id=23#breadcrumb"},"inLanguage":"sv-SE","potentialAction":[{"@type":"ReadAction","target":["https:\/\/sveabevakningstjanst.se\/?page_id=23"]}]},{"@type":"ImageObject","inLanguage":"sv-SE","@id":"https:\/\/sveabevakningstjanst.se\/?page_id=23#primaryimage","url":"https:\/\/sveabevakningstjanst.se\/wp-content\/uploads\/2023\/12\/IMG_4725-e1703193010668.jpeg","contentUrl":"https:\/\/sveabevakningstjanst.se\/wp-content\/uploads\/2023\/12\/IMG_4725-e1703193010668.jpeg","width":1785,"height":1157},{"@type":"BreadcrumbList","@id":"https:\/\/sveabevakningstjanst.se\/?page_id=23#breadcrumb","itemListElement":[{"@type":"ListItem","position":1,"name":"Hem","item":"https:\/\/sveabevakningstjanst.se\/"},{"@type":"ListItem","position":2,"name":"Larm"}]},{"@type":"WebSite","@id":"https:\/\/sveabevakningstjanst.se\/#website","url":"https:\/\/sveabevakningstjanst.se\/","name":"F\u00f6r din s\u00e4kerhet","description":"","publisher":{"@id":"https:\/\/sveabevakningstjanst.se\/#organization"},"potentialAction":[{"@type":"SearchAction","target":{"@type":"EntryPoint","urlTemplate":"https:\/\/sveabevakningstjanst.se\/?s={search_term_string}"},"query-input":{"@type":"PropertyValueSpecification","valueRequired":true,"valueName":"search_term_string"}}],"inLanguage":"sv-SE"},{"@type":"Organization","@id":"https:\/\/sveabevakningstjanst.se\/#organization","name":"Sveabavakningstj\u00e4nst AB","url":"https:\/\/sveabevakningstjanst.se\/","logo":{"@type":"ImageObject","inLanguage":"sv-SE","@id":"https:\/\/sveabevakningstjanst.se\/#\/schema\/logo\/image\/","url":"https:\/\/sveabevakningstjanst.se\/wp-content\/uploads\/2023\/12\/368603990_662369672413376_4406712747767754792_n-e1703192782472.png","contentUrl":"https:\/\/sveabevakningstjanst.se\/wp-content\/uploads\/2023\/12\/368603990_662369672413376_4406712747767754792_n-e1703192782472.png","width":841,"height":338,"caption":"Sveabavakningstj\u00e4nst AB"},"image":{"@id":"https:\/\/sveabevakningstjanst.se\/#\/schema\/logo\/image\/"}}]}},"_links":{"self":[{"href":"https:\/\/sveabevakningstjanst.se\/index.php?rest_route=\/wp\/v2\/pages\/23","targetHints":{"allow":["GET"]}}],"collection":[{"href":"https:\/\/sveabevakningstjanst.se\/index.php?rest_route=\/wp\/v2\/pages"}],"about":[{"href":"https:\/\/sveabevakningstjanst.se\/index.php?rest_route=\/wp\/v2\/types\/page"}],"author":[{"embeddable":true,"href":"https:\/\/sveabevakningstjanst.se\/index.php?rest_route=\/wp\/v2\/users\/1"}],"replies":[{"embeddable":true,"href":"https:\/\/sveabevakningstjanst.se\/index.php?rest_route=%2Fwp%2Fv2%2Fcomments&post=23"}],"version-history":[{"count":7,"href":"https:\/\/sveabevakningstjanst.se\/index.php?rest_route=\/wp\/v2\/pages\/23\/revisions"}],"predecessor-version":[{"id":114,"href":"https:\/\/sveabevakningstjanst.se\/index.php?rest_route=\/wp\/v2\/pages\/23\/revisions\/114"}],"wp:attachment":[{"href":"https:\/\/sveabevakningstjanst.se\/index.php?rest_route=%2Fwp%2Fv2%2Fmedia&parent=23"}],"curies":[{"name":"wp","href":"https:\/\/api.w.org\/{rel}","templated":true}]}}