{"id":25,"date":"2023-12-21T21:28:27","date_gmt":"2023-12-21T21:28:27","guid":{"rendered":"https:\/\/sveabevakningstjanst.se\/?page_id=25"},"modified":"2023-12-21T21:41:25","modified_gmt":"2023-12-21T21:41:25","slug":"tjanster","status":"publish","type":"page","link":"https:\/\/sveabevakningstjanst.se\/?page_id=25","title":{"rendered":"Tj\u00e4nster"},"content":{"rendered":"\n<p>Vi fokuserar p\u00e5 att skapa trygghet s\u00e5 v\u00e4l p\u00e5 gatan till evenemanget och \u00e4nda till hemmet. genom att erbjuda m\u00e5nga m\u00f6jligheter inom omr\u00e5det trygg levererar vi b\u00e5de v\u00e4ktare p\u00e5 plats och larm till era hem.<\/p>\n\n\n\n<p>Ta en titt p\u00e5 v\u00e5ra enskilda tj\u00e4nster f\u00f6r att f\u00e5 b\u00e4ttre koll p\u00e5 vad vi kan erbjuda<\/p>\n\n\n\n<figure class=\"wp-block-image aligncenter size-large is-resized\"><img loading=\"lazy\" decoding=\"async\" width=\"1024\" height=\"768\" src=\"https:\/\/sveabevakningstjanst.se\/wp-content\/uploads\/2023\/12\/IMG_5405-1024x768.jpeg\" alt=\"\" class=\"wp-image-13\" style=\"width:493px;height:auto\" srcset=\"https:\/\/sveabevakningstjanst.se\/wp-content\/uploads\/2023\/12\/IMG_5405-1024x768.jpeg 1024w, https:\/\/sveabevakningstjanst.se\/wp-content\/uploads\/2023\/12\/IMG_5405-300x225.jpeg 300w, https:\/\/sveabevakningstjanst.se\/wp-content\/uploads\/2023\/12\/IMG_5405-768x576.jpeg 768w, https:\/\/sveabevakningstjanst.se\/wp-content\/uploads\/2023\/12\/IMG_5405.jpeg 1170w\" sizes=\"auto, (max-width: 1024px) 100vw, 1024px\" \/><\/figure>\n","protected":false},"excerpt":{"rendered":"<p>Vi fokuserar p\u00e5 att skapa trygghet s\u00e5 v\u00e4l p\u00e5 gatan till evenemanget och \u00e4nda till hemmet. genom att erbjuda m\u00e5nga m\u00f6jligheter inom omr\u00e5det trygg levererar vi b\u00e5de v\u00e4ktare p\u00e5 plats och larm till era hem. Ta en titt p\u00e5 v\u00e5ra enskilda tj\u00e4nster f\u00f6r att f\u00e5 b\u00e4ttre koll p\u00e5 vad vi kan erbjuda<\/p>\n","protected":false},"author":1,"featured_media":0,"parent":0,"menu_order":0,"comment_status":"closed","ping_status":"closed","template":"","meta":{"footnotes":""},"class_list":["post-25","page","type-page","status-publish","hentry"],"yoast_head":"<!-- This site is optimized with the Yoast SEO plugin v27.4 - https:\/\/yoast.com\/product\/yoast-seo-wordpress\/ -->\n<title>Tj\u00e4nster - F\u00f6r din s\u00e4kerhet<\/title>\n<meta name=\"robots\" content=\"index, follow, max-snippet:-1, max-image-preview:large, max-video-preview:-1\" \/>\n<link rel=\"canonical\" href=\"https:\/\/sveabevakningstjanst.se\/?page_id=25\" \/>\n<meta property=\"og:locale\" content=\"sv_SE\" \/>\n<meta property=\"og:type\" content=\"article\" \/>\n<meta property=\"og:title\" content=\"Tj\u00e4nster - F\u00f6r din s\u00e4kerhet\" \/>\n<meta property=\"og:description\" content=\"Vi fokuserar p\u00e5 att skapa trygghet s\u00e5 v\u00e4l p\u00e5 gatan till evenemanget och \u00e4nda till hemmet. genom att erbjuda m\u00e5nga m\u00f6jligheter inom omr\u00e5det trygg levererar vi b\u00e5de v\u00e4ktare p\u00e5 plats och larm till era hem. Ta en titt p\u00e5 v\u00e5ra enskilda tj\u00e4nster f\u00f6r att f\u00e5 b\u00e4ttre koll p\u00e5 vad vi kan erbjuda\" \/>\n<meta property=\"og:url\" content=\"https:\/\/sveabevakningstjanst.se\/?page_id=25\" \/>\n<meta property=\"og:site_name\" content=\"F\u00f6r din s\u00e4kerhet\" \/>\n<meta property=\"article:modified_time\" content=\"2023-12-21T21:41:25+00:00\" \/>\n<meta property=\"og:image\" content=\"https:\/\/sveabevakningstjanst.se\/wp-content\/uploads\/2023\/12\/IMG_5405-1024x768.jpeg\" \/>\n<meta name=\"twitter:card\" content=\"summary_large_image\" \/>\n<script type=\"application\/ld+json\" class=\"yoast-schema-graph\">{\"@context\":\"https:\\\/\\\/schema.org\",\"@graph\":[{\"@type\":\"WebPage\",\"@id\":\"https:\\\/\\\/sveabevakningstjanst.se\\\/?page_id=25\",\"url\":\"https:\\\/\\\/sveabevakningstjanst.se\\\/?page_id=25\",\"name\":\"Tj\u00e4nster - F\u00f6r din s\u00e4kerhet\",\"isPartOf\":{\"@id\":\"https:\\\/\\\/sveabevakningstjanst.se\\\/#website\"},\"primaryImageOfPage\":{\"@id\":\"https:\\\/\\\/sveabevakningstjanst.se\\\/?page_id=25#primaryimage\"},\"image\":{\"@id\":\"https:\\\/\\\/sveabevakningstjanst.se\\\/?page_id=25#primaryimage\"},\"thumbnailUrl\":\"https:\\\/\\\/sveabevakningstjanst.se\\\/wp-content\\\/uploads\\\/2023\\\/12\\\/IMG_5405-1024x768.jpeg\",\"datePublished\":\"2023-12-21T21:28:27+00:00\",\"dateModified\":\"2023-12-21T21:41:25+00:00\",\"breadcrumb\":{\"@id\":\"https:\\\/\\\/sveabevakningstjanst.se\\\/?page_id=25#breadcrumb\"},\"inLanguage\":\"sv-SE\",\"potentialAction\":[{\"@type\":\"ReadAction\",\"target\":[\"https:\\\/\\\/sveabevakningstjanst.se\\\/?page_id=25\"]}]},{\"@type\":\"ImageObject\",\"inLanguage\":\"sv-SE\",\"@id\":\"https:\\\/\\\/sveabevakningstjanst.se\\\/?page_id=25#primaryimage\",\"url\":\"https:\\\/\\\/sveabevakningstjanst.se\\\/wp-content\\\/uploads\\\/2023\\\/12\\\/IMG_5405.jpeg\",\"contentUrl\":\"https:\\\/\\\/sveabevakningstjanst.se\\\/wp-content\\\/uploads\\\/2023\\\/12\\\/IMG_5405.jpeg\",\"width\":1170,\"height\":878},{\"@type\":\"BreadcrumbList\",\"@id\":\"https:\\\/\\\/sveabevakningstjanst.se\\\/?page_id=25#breadcrumb\",\"itemListElement\":[{\"@type\":\"ListItem\",\"position\":1,\"name\":\"Hem\",\"item\":\"https:\\\/\\\/sveabevakningstjanst.se\\\/\"},{\"@type\":\"ListItem\",\"position\":2,\"name\":\"Tj\u00e4nster\"}]},{\"@type\":\"WebSite\",\"@id\":\"https:\\\/\\\/sveabevakningstjanst.se\\\/#website\",\"url\":\"https:\\\/\\\/sveabevakningstjanst.se\\\/\",\"name\":\"F\u00f6r din s\u00e4kerhet\",\"description\":\"\",\"publisher\":{\"@id\":\"https:\\\/\\\/sveabevakningstjanst.se\\\/#organization\"},\"potentialAction\":[{\"@type\":\"SearchAction\",\"target\":{\"@type\":\"EntryPoint\",\"urlTemplate\":\"https:\\\/\\\/sveabevakningstjanst.se\\\/?s={search_term_string}\"},\"query-input\":{\"@type\":\"PropertyValueSpecification\",\"valueRequired\":true,\"valueName\":\"search_term_string\"}}],\"inLanguage\":\"sv-SE\"},{\"@type\":\"Organization\",\"@id\":\"https:\\\/\\\/sveabevakningstjanst.se\\\/#organization\",\"name\":\"Sveabavakningstj\u00e4nst AB\",\"url\":\"https:\\\/\\\/sveabevakningstjanst.se\\\/\",\"logo\":{\"@type\":\"ImageObject\",\"inLanguage\":\"sv-SE\",\"@id\":\"https:\\\/\\\/sveabevakningstjanst.se\\\/#\\\/schema\\\/logo\\\/image\\\/\",\"url\":\"https:\\\/\\\/sveabevakningstjanst.se\\\/wp-content\\\/uploads\\\/2023\\\/12\\\/368603990_662369672413376_4406712747767754792_n-e1703192782472.png\",\"contentUrl\":\"https:\\\/\\\/sveabevakningstjanst.se\\\/wp-content\\\/uploads\\\/2023\\\/12\\\/368603990_662369672413376_4406712747767754792_n-e1703192782472.png\",\"width\":841,\"height\":338,\"caption\":\"Sveabavakningstj\u00e4nst AB\"},\"image\":{\"@id\":\"https:\\\/\\\/sveabevakningstjanst.se\\\/#\\\/schema\\\/logo\\\/image\\\/\"}}]}<\/script>\n<!-- \/ Yoast SEO plugin. -->","yoast_head_json":{"title":"Tj\u00e4nster - F\u00f6r din s\u00e4kerhet","robots":{"index":"index","follow":"follow","max-snippet":"max-snippet:-1","max-image-preview":"max-image-preview:large","max-video-preview":"max-video-preview:-1"},"canonical":"https:\/\/sveabevakningstjanst.se\/?page_id=25","og_locale":"sv_SE","og_type":"article","og_title":"Tj\u00e4nster - F\u00f6r din s\u00e4kerhet","og_description":"Vi fokuserar p\u00e5 att skapa trygghet s\u00e5 v\u00e4l p\u00e5 gatan till evenemanget och \u00e4nda till hemmet. genom att erbjuda m\u00e5nga m\u00f6jligheter inom omr\u00e5det trygg levererar vi b\u00e5de v\u00e4ktare p\u00e5 plats och larm till era hem. Ta en titt p\u00e5 v\u00e5ra enskilda tj\u00e4nster f\u00f6r att f\u00e5 b\u00e4ttre koll p\u00e5 vad vi kan erbjuda","og_url":"https:\/\/sveabevakningstjanst.se\/?page_id=25","og_site_name":"F\u00f6r din s\u00e4kerhet","article_modified_time":"2023-12-21T21:41:25+00:00","og_image":[{"url":"https:\/\/sveabevakningstjanst.se\/wp-content\/uploads\/2023\/12\/IMG_5405-1024x768.jpeg","type":"","width":"","height":""}],"twitter_card":"summary_large_image","schema":{"@context":"https:\/\/schema.org","@graph":[{"@type":"WebPage","@id":"https:\/\/sveabevakningstjanst.se\/?page_id=25","url":"https:\/\/sveabevakningstjanst.se\/?page_id=25","name":"Tj\u00e4nster - F\u00f6r din s\u00e4kerhet","isPartOf":{"@id":"https:\/\/sveabevakningstjanst.se\/#website"},"primaryImageOfPage":{"@id":"https:\/\/sveabevakningstjanst.se\/?page_id=25#primaryimage"},"image":{"@id":"https:\/\/sveabevakningstjanst.se\/?page_id=25#primaryimage"},"thumbnailUrl":"https:\/\/sveabevakningstjanst.se\/wp-content\/uploads\/2023\/12\/IMG_5405-1024x768.jpeg","datePublished":"2023-12-21T21:28:27+00:00","dateModified":"2023-12-21T21:41:25+00:00","breadcrumb":{"@id":"https:\/\/sveabevakningstjanst.se\/?page_id=25#breadcrumb"},"inLanguage":"sv-SE","potentialAction":[{"@type":"ReadAction","target":["https:\/\/sveabevakningstjanst.se\/?page_id=25"]}]},{"@type":"ImageObject","inLanguage":"sv-SE","@id":"https:\/\/sveabevakningstjanst.se\/?page_id=25#primaryimage","url":"https:\/\/sveabevakningstjanst.se\/wp-content\/uploads\/2023\/12\/IMG_5405.jpeg","contentUrl":"https:\/\/sveabevakningstjanst.se\/wp-content\/uploads\/2023\/12\/IMG_5405.jpeg","width":1170,"height":878},{"@type":"BreadcrumbList","@id":"https:\/\/sveabevakningstjanst.se\/?page_id=25#breadcrumb","itemListElement":[{"@type":"ListItem","position":1,"name":"Hem","item":"https:\/\/sveabevakningstjanst.se\/"},{"@type":"ListItem","position":2,"name":"Tj\u00e4nster"}]},{"@type":"WebSite","@id":"https:\/\/sveabevakningstjanst.se\/#website","url":"https:\/\/sveabevakningstjanst.se\/","name":"F\u00f6r din s\u00e4kerhet","description":"","publisher":{"@id":"https:\/\/sveabevakningstjanst.se\/#organization"},"potentialAction":[{"@type":"SearchAction","target":{"@type":"EntryPoint","urlTemplate":"https:\/\/sveabevakningstjanst.se\/?s={search_term_string}"},"query-input":{"@type":"PropertyValueSpecification","valueRequired":true,"valueName":"search_term_string"}}],"inLanguage":"sv-SE"},{"@type":"Organization","@id":"https:\/\/sveabevakningstjanst.se\/#organization","name":"Sveabavakningstj\u00e4nst AB","url":"https:\/\/sveabevakningstjanst.se\/","logo":{"@type":"ImageObject","inLanguage":"sv-SE","@id":"https:\/\/sveabevakningstjanst.se\/#\/schema\/logo\/image\/","url":"https:\/\/sveabevakningstjanst.se\/wp-content\/uploads\/2023\/12\/368603990_662369672413376_4406712747767754792_n-e1703192782472.png","contentUrl":"https:\/\/sveabevakningstjanst.se\/wp-content\/uploads\/2023\/12\/368603990_662369672413376_4406712747767754792_n-e1703192782472.png","width":841,"height":338,"caption":"Sveabavakningstj\u00e4nst AB"},"image":{"@id":"https:\/\/sveabevakningstjanst.se\/#\/schema\/logo\/image\/"}}]}},"_links":{"self":[{"href":"https:\/\/sveabevakningstjanst.se\/index.php?rest_route=\/wp\/v2\/pages\/25","targetHints":{"allow":["GET"]}}],"collection":[{"href":"https:\/\/sveabevakningstjanst.se\/index.php?rest_route=\/wp\/v2\/pages"}],"about":[{"href":"https:\/\/sveabevakningstjanst.se\/index.php?rest_route=\/wp\/v2\/types\/page"}],"author":[{"embeddable":true,"href":"https:\/\/sveabevakningstjanst.se\/index.php?rest_route=\/wp\/v2\/users\/1"}],"replies":[{"embeddable":true,"href":"https:\/\/sveabevakningstjanst.se\/index.php?rest_route=%2Fwp%2Fv2%2Fcomments&post=25"}],"version-history":[{"count":2,"href":"https:\/\/sveabevakningstjanst.se\/index.php?rest_route=\/wp\/v2\/pages\/25\/revisions"}],"predecessor-version":[{"id":39,"href":"https:\/\/sveabevakningstjanst.se\/index.php?rest_route=\/wp\/v2\/pages\/25\/revisions\/39"}],"wp:attachment":[{"href":"https:\/\/sveabevakningstjanst.se\/index.php?rest_route=%2Fwp%2Fv2%2Fmedia&parent=25"}],"curies":[{"name":"wp","href":"https:\/\/api.w.org\/{rel}","templated":true}]}}